mon divisor of k and m.
8
Let c = -444 - -781. Suppose 22 = -5*n + c. What is the greatest common divisor of n and 7?
7
Suppose -p - 20 = -2*p. Suppose 3*o + 9*h - 6*h - 162 = 0, -5*h = -20. Calculate the greatest common divisor of p and o.
10
Let t be (20/(-6))/(6/(-63)). Calculate the greatest common factor of t and 14.
7
Let o = 5 + -2. Suppose 2*m + 76 = 5*i, 0 = -o*m - m - 12. What is the greatest common divisor of i and 98?
14
Let s(z) be the first derivative of -z**3/3 + 9*z**2/2 + 1. Let h be s(7). What is the greatest common factor of 112 and h?
14
Let x be (-2514)/(-21) - (-14)/49. Suppose -17 = 2*m + 29. Let i = m - -38. What is the greatest common divisor of x and i?
15
Let w = -2 + 8. Suppose 2*g = -4*k + w, 6*k = k - 3*g + 8. Calculate the highest common divisor of k and 9.
1
Let d = -53 + 74. What is the greatest common factor of 21 and d?
21
Let g(u) = -u**3 - u**2 - 3*u - 3. Let s be g(-2). Suppose c = -2*d + 26, 2*c - d - d - 58 = 0. Calculate the highest common divisor of c and s.
7
Suppose -3*d + d - 5*x + 15 = 0, -4*d - 4*x + 48 = 0. What is the highest common factor of d and 5?
5
Let c be 64/5 - 7/(-35). What is the greatest common factor of c and 26?
13
Let x(c) = c**3 + 13*c**2 + 5. Let w be x(-13). Calculate the highest common factor of w and 5.
5
Let t be -1 - 61/(-2)*4. Let a = -76 + t. What is the highest common factor of a and 15?
15
Let o be 5/3 + (-1)/(-3). Suppose -o*k + 60 = 4*n + 2*k, 2*k = -5*n + 72. Let q = 8 + -6. Calculate the greatest common factor of q and n.
2
Let b(c) = c**3 - 6*c**2 + 5*c. Let r be b(4). Let a = -6 - r. Calculate the greatest common factor of 9 and a.
3
Let a = 24 - 51. Let d be 3/5 - a/5. Suppose 0*t + t - 6 = 0. Calculate the greatest common divisor of t and d.
6
Let k = 1 - -2. Suppose -371 + 110 = -k*t. Let v be 2/6 + t/9. Calculate the greatest common factor of v and 90.
10
Suppose 15*n = 159 + 381. Let j be 2/(-5) - 114/(-10). Suppose -2*q + j = -25. Calculate the highest common divisor of n and q.
18
Let c(w) = -w**3 - 8*w**2 - 8. Let p be c(-8). Let j = p - -13. Suppose -4*n + 13 - j = 0. What is the highest common factor of 22 and n?
2
Let z be (-6)/8 + -4*(-335)/80. Let a be 3 + -2*1 - -127. Calculate the highest common divisor of a and z.
16
Let j = 2 - 2. Let x be j + (-81)/(-3) + -1. Suppose -13 = -2*v + v. Calculate the greatest common divisor of v and x.
13
Let g = 88 - 156. Let n = g + 98. Calculate the greatest common divisor of n and 3.
3
Let j(u) = -u**2 - 12*u + 4. Let b be j(-12). What is the highest common factor of b and 16?
4
Let w = -4 - -12. What is the greatest common divisor of 8 and w?
8
Suppose 0 = 6*z - 25 + 7. Suppose -2*c + 21 = -z*j, -5*j + 0*j - 28 = -c. Calculate the highest common divisor of c and 15.
3
Let r = 188 - 178. What is the greatest common divisor of 110 and r?
10
Let s = 39 + -18. Suppose 0 = -2*i - i + s. What is the highest common factor of i and 28?
7
Let a = 179 - 99. Let x = 1 + a. Calculate the greatest common divisor of x and 9.
9
Suppose 3*s = 4 - 10. Let a = s + 19. What is the greatest common divisor of 119 and a?
17
Let w be (-1 - 11)*(4 + (-69)/9). Let c(v) = v**2 - 4*v + 1. Let s be c(7). Calculate the greatest common divisor of s and w.
22
Let f be 10 + (-7 - (0 + -4)). What is the highest common factor of 14 and f?
7
Let q be (-8 - -12) + -1 + -1. Suppose -q*p + 228 = -2*h, -459 = 4*p - 8*p + 3*h. Calculate the highest common factor of 13 and p.
13
Suppose -6*b + b + 10 = 0. What is the highest common divisor of b and 3?
1
Let i(q) = -q**2 - 2*q + 5. Let n be i(-6). Let w = 40 + n. Calculate the highest common factor of 21 and w.
21
Let y(x) = 127*x - 3. Let h be y(1). What is the highest common divisor of h and 31?
31
Suppose 0 = -2*k + 8 - 4. What is the highest common factor of k and 16?
2
Suppose 4*r - 148 = 724. Suppose 0 = 4*c - 4*p - 440, 3*c + 2*p = r + 112. What is the greatest common divisor of 10 and c?
10
Let r(c) = -c**3 - c**2 + 2*c + 2. Let h be r(-3). What is the greatest common divisor of 154 and h?
14
Suppose 106 - 319 = -2*n + 3*m, 0 = -4*n + m + 401. What is the highest common divisor of n and 11?
11
Let w = -4 + 4. Suppose -4*u + 35 + 5 = w. Let h = -121 - -201. Calculate the highest common factor of h and u.
10
Suppose 0 = -u - 5*u + 84. Calculate the highest common divisor of 7 and u.
7
Let b(k) = 2*k - 13. Let x be b(8). Calculate the greatest common divisor of x and 6.
3
Let y = 10 - 5. Suppose 14 = y*u - 11. Suppose u*k = 2*k + 9. What is the greatest common factor of k and 12?
3
Let h = -29 - -30. Suppose 0 = 4*f + 20, -f - 36 - 24 = -5*l. What is the highest common factor of h and l?
1
Let k = 19 + -16. Let x be (k - -1) + -1 + 6. Suppose -3*y + 42 = 5*o, -4*y - 14 = -5*o - 0. Calculate the highest common factor of o and x.
3
Suppose 0 = -3*l + l + 10. Suppose -4*r - 2 = -5*a + 3*a, r + 4 = 4*a. What is the greatest common factor of a and l?
1
Suppose -4*m - 22 + 66 = 0. Let h(y) = 4*y + 9. Let v be h(6). Calculate the greatest common factor of m and v.
11
Suppose -6*v + 30 = -v. Calculate the greatest common factor of 4 and v.
2
Suppose 2*y = -q + 232, -3*y - 3*q + 348 = -0*q. Calculate the greatest common divisor of y and 29.
29
Let x(p) = -198 + 0*p**3 - p + p**3 + 222 + p**2. Let v be 0/(-2*2/(-4)). Let t be x(v). Calculate the greatest common divisor of t and 3.
3
Let b(t) be the second derivative of t**4/12 + t**3/3 - 5*t**2/2 + t. Let q be b(-5). Calculate the greatest common factor of 2 and q.
2
Let y be (-2 - 1)*2/(-3). Suppose y*c = c + 108. Let z be 8/(-3)*(-18)/4. What is the greatest common factor of z and c?
12
Let p be 38/4*2 + -1. Suppose 14 + p = 4*z. Calculate the highest common divisor of 1 and z.
1
Suppose 4*j - s + 1722 = s, -2*j = -5*s + 881. Let d = -213 - 71. Let k = d - j. Calculate the greatest common divisor of k and 16.
16
Suppose 0*d - 2*d = -2. What is the highest common divisor of d and 11?
1
Let p be 5/(5/97) + 1. Calculate the highest common factor of p and 14.
14
Let n = -15 - -30. Calculate the highest common divisor of 105 and n.
15
Let z(b) = -3*b + 4. Let p be z(-8). Calculate the highest common factor of 7 and p.
7
Let u(j) = -j**2 - 7*j - 1. Let z be u(-3). Let g(f) = f**2 + f - 5. Let m be g(7). Suppose 3*v = 15 + m. Calculate the highest common divisor of v and z.
11
Let q be (5 + -45)/((-2)/5). Suppose 75 = 4*s - s. What is the greatest common factor of s and q?
25
Suppose -2*k - 15 = -495. Let r = -1 + 3. Suppose -2*w = 4*h - 142, r*w - k = -2*w + 3*h. Calculate the highest common divisor of 42 and w.
21
Suppose 4*i - 9 = i. Suppose -5*p + s = 6*s - 60, -s - 40 = -i*p. What is the greatest common divisor of p and 39?
13
Suppose 0 = -5*d + 20, -123 = -5*o - d - d. Calculate the greatest common factor of o and 23.
23
Let v(s) = 26*s - 2. Let n be v(6). Let d(i) = i**2 - i. Let q be d(1). Suppose -14 = -l - q*l. Calculate the highest common divisor of n and l.
14
Suppose -l - 32 = -9*l. Calculate the greatest common divisor of 16 and l.
4
Let w = 17 + -12. Let q be -7 + w - 1*-26. Calculate the highest common divisor of q and 3.
3
Suppose 0*i + i = 0. Suppose -64 = -5*o + o. Suppose i*f + o = f. Calculate the greatest common divisor of f and 8.
8
Let p be 62/6 - 6/(-9). Suppose 4*i + 68 = q + 3*q, 4 = -i. Suppose 0*r + 2*r - 4*v - 56 = 0, -q = -r - 3*v. What is the highest common factor of p and r?
11
Let o = -7 - -1. Let g(m) = -m**2 - 8*m + 3. Let v be g(o). Calculate the greatest common divisor of v and 105.
15
Let n(v) = 24*v. Let z be n(6). Suppose -3*l + 2*f = -58, 3*f = -f - 8. What is the greatest common divisor of l and z?
18
Let u be 1*(3 - 5) - (1 + -18). What is the highest common divisor of u and 45?
15
Suppose 0 = -5*s + 209 + 216. Suppose -3*l - 51 = -3*n, -6*n - s = 5*l - 2*n. Let j be 1/(-1)*(l - 0). Calculate the highest common factor of j and 85.
17
Let b(a) = -a**2 - 9*a + 6. Let p be (3/(-6) + 0)*0. Let o(j) = -j**3 - j - 8. Let k be o(p). Let t be b(k). What is the greatest common factor of t and 112?
14
Suppose -181 = -3*h - 0*g + 2*g, h - 65 = 3*g. Let f = h + -3. Suppose 4*a = j + 32, a = -4*j - 10 + 1. Calculate the highest common factor of a and f.
7
Let h be (-5)/((-5)/33) + 1*-3. Calculate the greatest common factor of 12